{"id":10173,"date":"2015-12-23T14:29:44","date_gmt":"2015-12-23T14:29:44","guid":{"rendered":"http:\/\/www.made4men.dk\/g\/?page_id=10173"},"modified":"2022-05-18T12:07:16","modified_gmt":"2022-05-18T12:07:16","slug":"made4men-magazine-nemmere-liv-maend","status":"publish","type":"page","link":"https:\/\/www.made4men.dk\/g\/","title":{"rendered":"Made4men Magazine &#8211; Et nemmere liv til m\u00e6nd!"},"content":{"rendered":"","protected":false},"excerpt":{"rendered":"","protected":false},"author":3,"featured_media":10163,"parent":0,"menu_order":0,"comment_status":"closed","ping_status":"closed","template":"page-modules.php","meta":{"footnotes":""},"yoast_head":"<!-- This site is optimized with the Yoast SEO plugin v20.13 - https:\/\/yoast.com\/wordpress\/plugins\/seo\/ -->\n<title>Made4men Magazine - Et nemmere liv til m\u00e6nd! \u2502Made4men<\/title>\n<meta name=\"description\" content=\"Her p\u00e5 bloggen giver vi tips og tricks til m\u00e6nd inden for n\u00e6sten alle emner. Vi fors\u00f8ger at g\u00f8re livet lettere for m\u00e6nd, med vores mange \u00e5rs erfaring.\" \/>\n<meta name=\"robots\" content=\"index, follow, max-snippet:-1, max-image-preview:large, max-video-preview:-1\" \/>\n<link rel=\"canonical\" href=\"https:\/\/www.made4men.dk\/g\/\" \/>\n<meta property=\"og:locale\" content=\"da_DK\" \/>\n<meta property=\"og:type\" content=\"article\" \/>\n<meta property=\"og:title\" content=\"Made4men Magazine - Et nemmere liv til m\u00e6nd! \u2502Made4men\" \/>\n<meta property=\"og:description\" content=\"Her p\u00e5 bloggen giver vi tips og tricks til m\u00e6nd inden for n\u00e6sten alle emner. Vi fors\u00f8ger at g\u00f8re livet lettere for m\u00e6nd, med vores mange \u00e5rs erfaring.\" \/>\n<meta property=\"og:url\" content=\"https:\/\/www.made4men.dk\/g\/\" \/>\n<meta property=\"og:site_name\" content=\"Made4men Magazine\" \/>\n<meta property=\"article:modified_time\" content=\"2022-05-18T12:07:16+00:00\" \/>\n<meta property=\"og:image\" content=\"https:\/\/www.made4men.dk\/g\/wp-content\/uploads\/2014\/11\/Fotolia_94218568_S-1.jpg\" \/>\n\t<meta property=\"og:image:width\" content=\"849\" \/>\n\t<meta property=\"og:image:height\" content=\"566\" \/>\n\t<meta property=\"og:image:type\" content=\"image\/jpeg\" \/>\n<meta name=\"twitter:card\" content=\"summary_large_image\" \/>\n<script type=\"application\/ld+json\" class=\"yoast-schema-graph\">{\"@context\":\"https:\/\/schema.org\",\"@graph\":[{\"@type\":\"WebPage\",\"@id\":\"https:\/\/www.made4men.dk\/g\/\",\"url\":\"https:\/\/www.made4men.dk\/g\/\",\"name\":\"Made4men Magazine - Et nemmere liv til m\u00e6nd! \u2502Made4men\",\"isPartOf\":{\"@id\":\"https:\/\/www.made4men.dk\/g\/#website\"},\"datePublished\":\"2015-12-23T14:29:44+00:00\",\"dateModified\":\"2022-05-18T12:07:16+00:00\",\"description\":\"Her p\u00e5 bloggen giver vi tips og tricks til m\u00e6nd inden for n\u00e6sten alle emner. Vi fors\u00f8ger at g\u00f8re livet lettere for m\u00e6nd, med vores mange \u00e5rs erfaring.\",\"breadcrumb\":{\"@id\":\"https:\/\/www.made4men.dk\/g\/#breadcrumb\"},\"inLanguage\":\"da-DK\",\"potentialAction\":[{\"@type\":\"ReadAction\",\"target\":[\"https:\/\/www.made4men.dk\/g\/\"]}]},{\"@type\":\"BreadcrumbList\",\"@id\":\"https:\/\/www.made4men.dk\/g\/#breadcrumb\",\"itemListElement\":[{\"@type\":\"ListItem\",\"position\":1,\"name\":\"Hjem\",\"item\":\"https:\/\/www.made4men.dk\/g\/\"},{\"@type\":\"ListItem\",\"position\":2,\"name\":\"Made4men Magazine &#8211; Et nemmere liv til m\u00e6nd!\"}]},{\"@type\":\"WebSite\",\"@id\":\"https:\/\/www.made4men.dk\/g\/#website\",\"url\":\"https:\/\/www.made4men.dk\/g\/\",\"name\":\"Made4men Magazine\",\"description\":\"Et nemmere liv til m\u00e6nd\",\"potentialAction\":[{\"@type\":\"SearchAction\",\"target\":{\"@type\":\"EntryPoint\",\"urlTemplate\":\"https:\/\/www.made4men.dk\/g\/?s={search_term_string}\"},\"query-input\":\"required name=search_term_string\"}],\"inLanguage\":\"da-DK\"}]}<\/script>\n<!-- \/ Yoast SEO plugin. -->","yoast_head_json":{"title":"Made4men Magazine - Et nemmere liv til m\u00e6nd! \u2502Made4men","description":"Her p\u00e5 bloggen giver vi tips og tricks til m\u00e6nd inden for n\u00e6sten alle emner. Vi fors\u00f8ger at g\u00f8re livet lettere for m\u00e6nd, med vores mange \u00e5rs erfaring.","robots":{"index":"index","follow":"follow","max-snippet":"max-snippet:-1","max-image-preview":"max-image-preview:large","max-video-preview":"max-video-preview:-1"},"canonical":"https:\/\/www.made4men.dk\/g\/","og_locale":"da_DK","og_type":"article","og_title":"Made4men Magazine - Et nemmere liv til m\u00e6nd! \u2502Made4men","og_description":"Her p\u00e5 bloggen giver vi tips og tricks til m\u00e6nd inden for n\u00e6sten alle emner. Vi fors\u00f8ger at g\u00f8re livet lettere for m\u00e6nd, med vores mange \u00e5rs erfaring.","og_url":"https:\/\/www.made4men.dk\/g\/","og_site_name":"Made4men Magazine","article_modified_time":"2022-05-18T12:07:16+00:00","og_image":[{"width":849,"height":566,"url":"https:\/\/www.made4men.dk\/g\/wp-content\/uploads\/2014\/11\/Fotolia_94218568_S-1.jpg","type":"image\/jpeg"}],"twitter_card":"summary_large_image","schema":{"@context":"https:\/\/schema.org","@graph":[{"@type":"WebPage","@id":"https:\/\/www.made4men.dk\/g\/","url":"https:\/\/www.made4men.dk\/g\/","name":"Made4men Magazine - Et nemmere liv til m\u00e6nd! \u2502Made4men","isPartOf":{"@id":"https:\/\/www.made4men.dk\/g\/#website"},"datePublished":"2015-12-23T14:29:44+00:00","dateModified":"2022-05-18T12:07:16+00:00","description":"Her p\u00e5 bloggen giver vi tips og tricks til m\u00e6nd inden for n\u00e6sten alle emner. Vi fors\u00f8ger at g\u00f8re livet lettere for m\u00e6nd, med vores mange \u00e5rs erfaring.","breadcrumb":{"@id":"https:\/\/www.made4men.dk\/g\/#breadcrumb"},"inLanguage":"da-DK","potentialAction":[{"@type":"ReadAction","target":["https:\/\/www.made4men.dk\/g\/"]}]},{"@type":"BreadcrumbList","@id":"https:\/\/www.made4men.dk\/g\/#breadcrumb","itemListElement":[{"@type":"ListItem","position":1,"name":"Hjem","item":"https:\/\/www.made4men.dk\/g\/"},{"@type":"ListItem","position":2,"name":"Made4men Magazine &#8211; Et nemmere liv til m\u00e6nd!"}]},{"@type":"WebSite","@id":"https:\/\/www.made4men.dk\/g\/#website","url":"https:\/\/www.made4men.dk\/g\/","name":"Made4men Magazine","description":"Et nemmere liv til m\u00e6nd","potentialAction":[{"@type":"SearchAction","target":{"@type":"EntryPoint","urlTemplate":"https:\/\/www.made4men.dk\/g\/?s={search_term_string}"},"query-input":"required name=search_term_string"}],"inLanguage":"da-DK"}]}},"_links":{"self":[{"href":"https:\/\/www.made4men.dk\/g\/wp-json\/wp\/v2\/pages\/10173"}],"collection":[{"href":"https:\/\/www.made4men.dk\/g\/wp-json\/wp\/v2\/pages"}],"about":[{"href":"https:\/\/www.made4men.dk\/g\/wp-json\/wp\/v2\/types\/page"}],"author":[{"embeddable":true,"href":"https:\/\/www.made4men.dk\/g\/wp-json\/wp\/v2\/users\/3"}],"replies":[{"embeddable":true,"href":"https:\/\/www.made4men.dk\/g\/wp-json\/wp\/v2\/comments?post=10173"}],"version-history":[{"count":4,"href":"https:\/\/www.made4men.dk\/g\/wp-json\/wp\/v2\/pages\/10173\/revisions"}],"predecessor-version":[{"id":10179,"href":"https:\/\/www.made4men.dk\/g\/wp-json\/wp\/v2\/pages\/10173\/revisions\/10179"}],"wp:featuredmedia":[{"embeddable":true,"href":"https:\/\/www.made4men.dk\/g\/wp-json\/wp\/v2\/media\/10163"}],"wp:attachment":[{"href":"https:\/\/www.made4men.dk\/g\/wp-json\/wp\/v2\/media?parent=10173"}],"curies":[{"name":"wp","href":"https:\/\/api.w.org\/{rel}","templated":true}]}}